vided by 31?
16
What is the remainder when 1013 is divided by 60?
53
Calculate the remainder when 5344 is divided by 37.
16
What is the remainder when 89 is divided by 7?
5
Calculate the remainder when 6868 is divided by 229.
227
What is the remainder when 56 is divided by 5?
1
Calculate the remainder when 5319 is divided by 280.
279
Calculate the remainder when 10571 is divided by 235.
231
What is the remainder when 440 is divided by 21?
20
What is the remainder when 1148 is divided by 4?
0
What is the remainder when 537 is divided by 30?
27
What is the remainder when 159 is divided by 64?
31
Calculate the remainder when 565 is divided by 7.
5
What is the remainder when 248 is divided by 61?
4
Calculate the remainder when 23 is divided by 2.
1
What is the remainder when 3629 is divided by 173?
169
What is the remainder when 43 is divided by 9?
7
What is the remainder when 933 is divided by 19?
2
What is the remainder when 3213 is divided by 800?
13
Calculate the remainder when 6383 is divided by 3.
2
What is the remainder when 1548 is divided by 309?
3
Calculate the remainder when 41 is divided by 9.
5
Calculate the remainder when 964 is divided by 11.
7
Calculate the remainder when 218 is divided by 59.
41
Calculate the remainder when 90 is divided by 32.
26
Calculate the remainder when 106 is divided by 18.
16
Calculate the remainder when 274 is divided by 35.
29
What is the remainder when 4358 is divided by 49?
46
Calculate the remainder when 1010 is divided by 197.
25
Calculate the remainder when 890 is divided by 128.
122
Calculate the remainder when 5782 is divided by 2883.
16
Calculate the remainder when 7 is divided by 1.
0
What is the remainder when 119 is divided by 22?
9
What is the remainder when 6199 is divided by 13?
11
What is the remainder when 377 is divided by 38?
35
Calculate the remainder when 4888 is divided by 59.
50
What is the remainder when 1729 is divided by 218?
203
Calculate the remainder when 2247 is divided by 678.
213
Calculate the remainder when 339 is divided by 66.
9
What is the remainder when 605 is divided by 16?
13
What is the remainder when 172 is divided by 49?
25
What is the remainder when 1094 is divided by 517?
60
What is the remainder when 113 is divided by 66?
47
What is the remainder when 392 is divided by 140?
112
What is the remainder when 577 is divided by 13?
5
What is the remainder when 48 is divided by 9?
3
What is the remainder when 537 is divided by 70?
47
Calculate the remainder when 2967 is divided by 2960.
7
Calculate the remainder when 180 is divided by 69.
42
Calculate the remainder when 544 is divided by 117.
76
What is the remainder when 5143 is divided by 39?
34
Calculate the remainder when 48 is divided by 27.
21
Calculate the remainder when 1142 is divided by 26.
24
What is the remainder when 62 is divided by 62?
0
Calculate the remainder when 39638 is divided by 49.
46
Calculate the remainder when 492 is divided by 29.
28
What is the remainder when 80 is divided by 17?
12
Calculate the remainder when 121 is divided by 63.
58
What is the remainder when 397 is divided by 25?
22
What is the remainder when 532 is divided by 126?
28
What is the remainder when 3768 is divided by 2?
0
Calculate the remainder when 58 is divided by 18.
4
What is the remainder when 819 is divided by 20?
19
What is the remainder when 288 is divided by 51?
33
Calculate the remainder when 5 is divided by 3.
2
What is the remainder when 1118 is divided by 59?
56
What is the remainder when 1096 is divided by 332?
100
What is the remainder when 52 is divided by 47?
5
What is the remainder when 298 is divided by 25?
23
What is the remainder when 569 is divided by 521?
48
What is the remainder when 2766 is divided by 63?
57
What is the remainder when 345 is divided by 90?
75
What is the remainder when 409 is divided by 59?
55
Calculate the remainder when 3437 is divided by 493.
479
What is the remainder when 299 is divided by 38?
33
What is the remainder when 767 is divided by 138?
77
What is the remainder when 26 is divided by 10?
6
What is the remainder when 17 is divided by 11?
6
Calculate the remainder when 1218 is divided by 33.
30
Calculate the remainder when 66 is divided by 40.
26
Calculate the remainder when 13124 is divided by 75.
74
What is the remainder when 831 is divided by 73?
28
Calculate the remainder when 879 is divided by 80.
79
What is the remainder when 112 is divided by 34?
10
What is the remainder when 14783 is divided by 64?
63
Calculate the remainder when 83 is divided by 15.
8
What is the remainder when 57153 is divided by 355?
353
What is the remainder when 1358 is divided by 449?
11
What is the remainder when 241 is divided by 41?
36
What is the remainder when 7273 is divided by 221?
201
Calculate the remainder when 2920 is divided by 34.
30
What is the remainder when 458 is divided by 66?
62
Calculate the remainder when 272 is divided by 31.
24
Calculate the remainder when 118 is divided by 103.
15
Calculate the remainder when 13 is divided by 3.
1
Calculate the remainder when 229 is divided by 78.
73
Calculate the remainder when 111 is divided by 9.
3
Calculate the remainder when 71 is divided by 14.
1
What is the remainder when 7542 is divided by 82?
80
What is the remainder when 890 is divided by 81?
80
What is the remainder when 211 is divided by 74?
63
Calculate the remainder when 126 is divided by 10.
6
What is the remainder when 212 is divided by 177?
35
What is the remainder when 361 is divided by 203?
158
Calculate the remainder when 183 is divided by 17.
13
Calculate the remainder when 34 is divided by 14.
6
Calculate the remainder when 2111 is divided by 23.
18
What is the remainder when 129 is divided by 33?
30
Calculate the remainder when 111 is divided by 23.
19
What is the remainder when 89 is divided by 5?
4
What is the remainder when 115 is divided by 25?
15
What is the remainder when 366 is divided by 36?
6
Calculate the remainder when 17076 is divided by 122.
118
What is the remainder when 7819 is divided by 2603?
10
What is the remainder when 369 is divided by 245?
124
What is the remainder when 161 is divided by 30?
11
What is the remainder when 394 is divided by 117?
43
Calculate the remainder when 2705 is divided by 11.
10
What is the remainder when 120 is divided by 50?
20
Calculate the remainder when 431 is divided by 108.
107
What is the remainder when 42634 is divided by 102?
100
Calculate the remainder when 2466 is divided by 98.
16
What is the remainder when 3247 is divided by 50?
47
What is the remainder when 72 is divided by 3?
0
What is the remainder when 1101 is divided by 240?
141
What is the remainder when 2922 is divided by 18?
6
What is the remainder when 1987 is divided by 10?
7
What is the remainder when 2587 is divided by 162?
157
What is the remainder when 134 is divided by 119?
15
What is the remainder when 59 is divided by 16?
11
Calculate the remainder when 265 is divided by 90.
85
Calculate the remainder when 63 is divided by 10.
3
Calculate the remainder when 14 is divided by 9.
5
Calculate the remainder when 133 is divided by 85.
48
What is the remainder when 25 is divided by 7?
4
Calculate the remainder when 2799 is divided by 42.
27
Calculate the remainder when 6333 is divided by 72.
69
What is the remainder when 53 is divided by 16?
5
What is the remainder when 20829 is divided by 42?
39
Calculate the remainder when 191 is divided by 15.
11
Calculate the remainder when 29 is divided by 15.
14
Calculate the remainder when 299 is divided by 4.
3
Calculate the remainder when 1291 is divided by 34.
33
Calculate the remainder when 1635 is divided by 63.
60
What is the remainder when 40 is divided by 24?
16
What is the remainder when 1243 is divided by 14?
11
What is the remainder when 1464 is divided by 42?
36
What is the remainder when 13462 is divided by 204?
202
What is the remainder when 170 is divided by 101?
69
What is the remainder when 250 is divided by 86?
78
What is the remainder when 881 is divided by 34?
31
Calculate the remainder when 187 is divided by 49.
40
Calculate the remainder when 91 is divided by 16.
11
Calculate the remainder when 1372 is divided by 92.
84
What is the remainder when 150 is divided by 32?
22
What is